ulate 1 + -1 + (-1 - 0).
-1
What is the value of 2 + -7 + 2 - (-17 + 18)?
-4
Calculate -24 + 25 - (0 + -1 + -2).
4
What is the value of 2 + -11 + (6 - 2)?
-5
(-1 - (1 + 8)) + (-65 - -69)
-6
Evaluate -7 - 2 - -3 - (10 + -20).
4
What is -8 - (5 + -7 + -3) - 1?
-4
What is the value of 7 + -14 + (2 - 0)?
-5
What is (-3 - -1) + 57 + -61?
-6
What is the value of (0 - 0) + 3 - (14 - 9)?
-2
(3 - (0 - -7)) + 7
3
What is (8 - 4) + -4 - 5 - -7?
2
What is the value of -10 + 13 + (0 - -2) + 0?
5
-4 + (4 - (6 - 4))
-2
6 + (-1 - (5 - 3)) + -3
0
Evaluate 6 + 1 - (13 + (-12 - -7)).
-1
What is (3 + -4 - -3) + -8?
-6
What is the value of 1 - -7 - (-88 + 92)?
4
(-1 - -1) + -3 - (35 - 33)
-5
Calculate -3 - (2 + (-6 - -4)).
-3
What is (5 - 23) + 11 - 4?
-11
1 + 3 + -3 + -1 + 5
5
What is the value of -4 + 0 + 1 - (-11 + 13)?
-5
Evaluate (3 - 7) + (1 - -3).
0
What is the value of -3 + (-3 + 1 + 2 - 1)?
-4
Calculate 7 + -3 + -1 + -2.
1
Calculate -1 - (3 + -7 - (0 - 2)).
1
-1 + 2 - 2 - 1
-2
Evaluate -4 + (-4 - -4) + 0.
-4
Evaluate (-4 - (5 - (0 + 15))) + -2.
4
Calculate 0 + (1 - (-4 + 7)).
-2
What is (-1 - 8) + (50 - 46)?
-5
What is -6 - ((-6 - 4) + 7)?
-3
What is the value of (-12 - -11) + -7 + 0?
-8
Evaluate 0 - (-6 + 4 + -4).
6
Calculate -10 - (3 - (5 + 4)).
-4
6 + -1 + -6 + (2 - -2)
3
(-13 - -16) + -3 + -5
-5
What is the value of -9 - -5 - (-7 - -13)?
-10
Calculate -6 + -1 + (-2 - -6) - 2.
-5
Calculate (-1 - 1) + (-1 - -2) - 0.
-1
Calculate 5 - (7 - 4) - 0.
2
What is -2 - (4 + (-11 - -2))?
3
What is the value of 1 + 3 + (4 + 1 - 4)?
5
What is 4 + -1 - (-2 - (3 + -4))?
4
What is -2 - (-3 - 2 - -1)?
2
Calculate 13 + (-6 - -7 - 5).
9
Calculate 5 + 0 + -6 + 6 + -10.
-5
What is the value of -5 - (1 - 3 - -1 - 1)?
-3
Evaluate 1 - (-4 + (5 - 3) - -4).
-1
-1 + 3 + -10 + 3
-5
8 + 1 + (7 - 18)
-2
What is 5 + (4 + -3 - 8) - -2?
0
2 - 15 - (-27 + 22)
-8
Calculate 2 + -3 - -4 - -1.
4
Calculate (-6 - (-11 + 3)) + -4.
-2
Evaluate 7 + -7 - (-5 + 3).
2
Evaluate (11 - 5 - 3) + -2.
1
Calculate 0 - (6 + (-2 - 1)) - -2.
-1
What is the value of 2 - (6 + -5) - 4?
-3
3 - (5 + 4 - 5)
-1
Evaluate -4 - (-4 - 0) - (0 + -4).
4
1 + (3 - (-3 - -5) - 6)
-4
What is the value of (-1 - -6) + 1 + -1?
5
Calculate 6 + -1 + -2 + 6 + -5.
4
Evaluate -6 - -11 - (1 - -6).
-2
Calculate -5 + 1 - (-9 + 13 + -6).
-2
What is 2 - 10 - (8 - (7 + -1))?
-10
-3 + 5 + -2 + 5
5
What is the value of 2 - (-6 + 4 + 2)?
2
-8 + (4 + -5 - -5)
-4
What is the value of -15 + -2 + 9 + 4?
-4
Evaluate (-3 - -5) + -1 - -4.
5
Calculate 3 + -14 + 18 + -2.
5
Calculate 1 + -3 + -1 + 8 + 0.
5
Calculate -4 + (1 - -2) + -3 + 9.
5
What is -5 + (4 - (0 - 4))?
3
Calculate 12 + (-14 + 13 - (4 - 0)).
7
What is the value of 5 + (2 - 1) - 9 - 0?
-3
Calculate -2 + (-1 - 3) + (23 - 19).
-2
1 + 0 + 1 + -1 + 0
1
What is the value of (3 - -1) + (25 - 26)?
3
What is (-31 + 10 - -14) + -1 + 11?
3
What is 3 - 0 - (24 - 27)?
6
-2 - (-7 - -3 - (-1 + -6))
-5
Calculate (-23 - -28) + -10 + 2.
-3
Evaluate 1 + -2 + -12 + 0 + 8.
-5
Calculate -10 + (-4 - -9) + (-3 - -5).
-3
What is the value of -4 - (-3 + -1 - -4)?
-4
Evaluate 4 + -2 + 0 + 2.
4
Evaluate (-1 - -4) + (6 - (5 - -2)).
2
What is the value of 3 - (-7 + 13) - (-6 + 2)?
1
Calculate 13 - (-6 + (-4 - -16)).
7
Calculate -15 - (-1 + -6) - -11.
3
4 - (3 - -3 - 1)
-1
Calculate 66 + -66 - (0 - -3 - 1).
-2
Evaluate 0 + (-1 - -5) + 0.
4
Calculate -5 + 4 - (0 + (4 - 2)).
-3
6 + 1 + -1 + (-12 - -9)
3
8 - (-7 + 10) - (1 + 4)
0
What is the value of -14 + 13 - (-6 + 1)?
4
Calculate -5 + (-5 - -5) + 5.
0
Calculate (7 - -2) + (-6 - 0) + 8.
11
What is the value of 5 + -11 + 2 + (-1 - 0)?
-5
Calculate -7 + (-1 - 5) + 5.
-8
7 - (1 + 8 + -7)
5
What is the value of 3 + (-5 - (-14 + 8 + -2))?
6
0 + 0 + -4 + 1
-3
What is -1 + 6 - ((10 - 4) + -4)?
3
(5 - (-2 - -2) - 7) + 4
2
Calculate (3 - (-6 - (0 - 6))) + -7.
-4
What is -8 + 7 - ((1 - 1) + 1)?
-2
Calculate -1 + 0 + (-2 + 6 - 1).
2
What is (0 - (0 + 3)) + (38 - 41)?
-6
Evaluate 1 + -4 - (-10 - -12).
-5
Calculate -6 + 16 + -6 + -2.
2
What is 0 + (-2 + (2 - 1) - 3)?
-4
What is the value of -4 - (2 - 5 - 2)?
1
Calculate -21 + 17 - (-1 - -3).
-6
-3 + 10 + (-10 - -4)
1
Evaluate 1 + 5 - (-195 - -192).
9
Calculate -14 + 11 - (0 - -1 - 4).
0
Calculate -1 - (6 + -10 + 9).
-6
Calculate (-1 - 0) + 2 + 2 + -7.
-4
(1 + 3 + -4 - 0) + 1
1
What is the value of -5 - (-5 + 4 + -4)?
0
What is the value of 19 - (-10 + 27 + -5)?
7
Calculate (-1 - -3) + -16 + 10.
-4
Evaluate 11 + (2 - 9) + -3 - -3.
4
What is -4 + (9 + -5 - 4)?
-4
Evaluate (-2 + -13 - -4) + (7 - 2).
-6
Evaluate (9 + -3 - (7 - 3)) + 1.
3
Calculate -3 - (-3 + (-1 - 2) + 2).
1
(-6 - -13) + (-3 - -1)
5
What is the value of -5 - (-5 - (-4 - -2 - -3))?
1
What is the value of -5 + 16 + -4 - 14?
-7
What is 3 + -6 + -5 + 5 + -1?
-4
Calculate (52 - 54) + 1 + -1.
-2
What is -3 - -3 - -5 - 4 - 6?
-5
What is 5 + -1 + -2 - 4?
-2
Evaluate -4 - (-4 + 1 + 0) - -1.
0
What is 12 + (-12 - -5 - (0 - 2))?
7
Calculate (4 + -6 - -2) + 5.
5
What is the value of -21 + 22 - (0 + 0)?
1
What is the value of 5 - -1 - (-43 + 24 - -16)?
9
2 + 1 - (0 + (-2 - -5))
0
Calculate 4 + -1 - 0 - (-322 + 319).
6
Evaluate -3 - -3 - (2 + -1).
-1
What is the value of -14 + 9 - (0 - 1)?
-4
Evaluate 1 + (-3 + -1 - (-1 + -1)).
-1
What is the value of (2 - -2) + (-17 - -2) + 10?
-1
Evaluate -1 - (-4 + 0 + 0) - -2.
5
Evaluate 1 + 7 + -10 + 9 - 4.
3
What is the value of (-26 - 0) + -3 + 12 + 7?
-10
Evaluate -5 - (6 - (-7 + 13)).
-5
Evaluate -6 - (-7 + 3 + 1).
-3
What is -4 + (-3 + 16 - 4)?
5
Evaluate 0 - -6 - ((-11 - -9) + 3).
5
Calculate -11 + (-14 - (-23 - -7)).
-9
Calculate (0 - 7) + 13 + -3.
3
Evaluate -10 - 0 - (-135 + 117).
8
What is the value of (-2 - 5) + 0 + (0 - -3)?
-4
What is (0 - 6) + (-12 - (-23 + 3))?
2
What is the value of -4 + -4 - (14 - 17)?
-5
What is the value of -3 + 2 + 7 - 5?
1
What is -1 + 0 + 3 + -4?
-2
What is the value of (15 - 16) + 3 - (2 - -1)?
-1
What is 2 + 0 + (-2 - (3 - 10))?
7
What is the value of -3 + (-4 - (-2 - 4)) + -3?
-4
Calculate -9 - -2 - (-3 - 0).
-4
What is -4 - ((3 - -4) + -6 + -6)?
1
1 + (4 - (-4 - -8))
1
Evaluate -2 - -5 - (3 - (4 - 3)).
1
Calculate (1 - 10) + (-2 - -9) + -2.
-4
Evaluate -13 - (1 + 1 + -62 + 54).
-7
Evaluate 2 + 0 - (11 + -5 - 7).
3
What is the value of -9 + (-6 + 2 + 0 - -9)?
-4
What is 4 + 1 - 2 - -1?
4
What is the value of -2 - ((-6 + 5 - 1) + -3)?
3
Calculate -2 + 2 + 8 + -13.
-5
-3 + 0 - -3 - (2 + -3)
1
Evaluate -5 - 7 - -11 - (0 - 6).
5
Calculate 0 + -6 + 0 + 4 + -2.
-4
Calculate -7 - (-3 + -3) - -1.
0
Evaluate 10 + -12 - (1 - 2).
-1
What is 6 - ((-5 - 0) + 9)?
2
Calculate 7 - (-6 + (1 - -16) + -3).
-1
Evaluate (-3 - (0 + 1) - 2) + 2.
-4
What is the value of 5 + (7 - 5 - 18) + 5?
-6
Evaluate -7 + -2 - (3 - 7).
-5
What is (-6 - -11 - -1) + (-2 - 3)?
1
What is the value of (3 - -4 - -2) + (-4 - 0)?
5
1 - (1 - (-3 - -4 - 7))
-6
-2 + 2 - (-6 + -11 + 13)
4
What is 13 - (6 - (7 - 10))?
4
Calculate 3 + 0 + (0 + -2 - -1).
2
What is -13 - (-25 + 23 - (-2 + 4))?
-9
-8 - (-12 + 1) - (-2 + 2)
3
What is the value of 5 - (-6 + 14) - -6?
3
Evaluate -7 + -2 - ((6 - 10) + -2).
-3
What is the value of -12 + 1 + 6 - (0 - 6)?
1
1 + 0 + -3 + -1 + -1
-4
1 - 2 - (-4 + 3)
0
What is -7 - (-5 + 1 - (-11 + 15))?
1
Calculate -10 + 21 - (2 - -4).
5
What is the value of -4 + -3 + 2 + (5 - 1)?
-1
Calculate 4 + 1 - (13 + -4).
-4
(0 + 1 - -2) + 9 + -10
2
What is -9 - ((7 - (4 + 0)) + -4)?
-8
What is the value of 1 + (-8 + 4 - -11)?
8
7 - (5 - 1) - 5
-2
What is the value of 4 - (-3 + 4 + -2) - 0?
5
(-1 + 1 - 4) + 8
4
Evaluate -2 + (8 - (3 + 3)).
0
Evaluate -13 + 9 + -3 + 3 + 3.
-1
Evaluate -8 + -4 + (9 - (2 + -2)).
-3
What is the value of (-5 - -5) + 10 + -20?
-10
(0 + 3 - (-2 - -2)) + 2
5
-23 + 23 + (0 - 0) + -5
-5
3 + -9 + 6 - -6
6
Evaluate (15 - 10) + (-1 + -4 - -2).
2
What is the value of -1 + (-6 - (-2 - 0))?
-5
Calculate -1 + 1 - (6 + 13 - 15).
-4
7 + (9 - 2 - 9)
5
Calculate -8 + 5 - (-5 + (14 - 8)).
-4
Calculate (-2 + -4 - -1) + (7 - 3).
-1
What is the value of -7 - ((-15 - -6) + 5 + 0)?
-3
-21 - -9 - (-7 + 0)
-5
Calculate -3 + -8 + 9 - 5.
-7
-104 - -110 - (-4 - 1)
11
What is -8 - (-1 + 4 - 6) - -1?
-4
Evaluate 11 + (-12 - (-2 - 8)).
9
What is -4 + (-2 + 11 - (8 - 4))?
1
What is the value of -2 + 3 - (5 + -1 + -1)?
-2
What is the val